h, -3*y - 2*y - 4*h + 3596 = 0. List the prime factors of y.
2, 3, 5
Let k(f) = 25*f**2 - 1. Let g be k(-1). Suppose 5*d = 2*d - g. What are the prime factors of (d + 13)*32/5?
2
Suppose 0*f - 2*s + 60 = -f, -245 = 4*f - 3*s. Let l = f - -102. List the prime factors of l.
2, 5
Suppose 244*w - 245*w + 209 = 0. What are the prime factors of w?
11, 19
Let u(a) = 6*a - 23. Let g be u(3). Let v(x) = -x**3 - 9*x**2 - 21*x + 5. List the prime factors of v(g).
2, 5
Let j be (-11 - -13)*2*1. Suppose 147 = j*u - u. What are the prime factors of u?
7
Let i(w) = w**3 - w. Let g(t) = t**3 + 2*t**2 + 6*t + 2. Let l(d) = g(d) - 2*i(d). What are the prime factors of l(4)?
2
Let o = -1515 - -1521. Let d(l) = 2*l + 1. Let n be d(2). Suppose n*f = o*f - 42. List the prime factors of f.
2, 3, 7
Suppose 3*a + 2*f = 4125, 4*a + f - 6875 = -a. List the prime factors of a.
5, 11
Let r be (-2)/3 - (-28)/(-12). Let c(u) = u**2 - 2*u + 3. Let y be c(r). Let b = y + 6. What are the prime factors of b?
2, 3
Let o be 10 - 2 - (5 + -4). Let p(y) = 2*y**2 - 12*y + 17. What are the prime factors of p(o)?
31
Let y = 1393 - 614. What are the prime factors of y?
19, 41
Let g = -51 + 1933. What are the prime factors of g?
2, 941
Suppose 1358 + 3410 = 32*z. List the prime factors of z.
149
List the prime factors of (-4680)/(-39) + -1 + 1.
2, 3, 5
Let j = 287 + -144. Let k = j - 17. List the prime factors of k.
2, 3, 7
Let d(h) be the third derivative of -h**5/20 - h**4/8 - h**3/3 + 7*h**2. Let p be d(-1). What are the prime factors of (-114)/(-3)*(-3)/p?
3, 19
Let l(p) = p**3 - 17*p**2 + 5*p + 55. What are the prime factors of l(17)?
2, 5, 7
Let h = 1390 + -1083. What are the prime factors of h?
307
Let f = -28 + 51. Let l = 17 + f. List the prime factors of l.
2, 5
Suppose 0 = -5*t - 5*c + 8665, -t - 5*c + c + 1724 = 0. What are the prime factors of t?
2, 7, 31
Let b = -137 - -253. Suppose 0 = 2*f + 3*k - b, 2*f - 5*k = 188 - 40. What are the prime factors of f?
2
Suppose -p = p. Suppose p = -5*w + 20 - 5. Suppose -52 = w*j - 7*j. List the prime factors of j.
13
Let o = 2626 + -1572. List the prime factors of o.
2, 17, 31
What are the prime factors of 434 + (3 + -5 - 1)?
431
Let m be (-12)/(-2) - 3 - -185. List the prime factors of 2 + 5 + -4 + m.
191
Let z = -9 + 9. Suppose i + i = z. Let m(n) = -n**3 + 9. What are the prime factors of m(i)?
3
Let h = 1992 + -449. List the prime factors of h.
1543
Let z(f) = f - 19. Let w be z(10). Let i(m) = 6*m - 2. Let j be i(-2). Let r = w - j. List the prime factors of r.
5
Suppose 0 = -4*r + 4*w + 4320, 5*r - 2172 = 3*w + 3228. List the prime factors of r.
2, 3, 5
Suppose 0 = -20*z + 24*z. Suppose -s - 3*s + w = -685, 4*s - 5*w - 673 = z. What are the prime factors of s?
2, 43
Let b(m) = 5*m**3 + 7*m**2 + 16*m - 85. What are the prime factors of b(5)?
3, 5, 53
Let z(m) be the third derivative of 0*m - 1/4*m**4 + 0 + 1/120*m**6 - 8*m**2 - 7/60*m**5 - 7/6*m**3. What are the prime factors of z(8)?
3
Let t(a) = a**3 + 12*a + 16. List the prime factors of t(7).
443
Suppose -27*g = -2700 - 37530. List the prime factors of g.
2, 5, 149
Let i(y) = -y**2 + 7*y + 22. Let x be i(8). Suppose 0 = x*n - 16*n + 246. What are the prime factors of n?
3, 41
Let v = 252 - -2510. What are the prime factors of v?
2, 1381
Suppose 3*v = x + 6, -6 = -4*v - x + 2. Suppose 0*w + v*w = 4. Suppose 0*n + 5*n + s = 352, -w*n = -2*s - 148. What are the prime factors of n?
71
Suppose -2*o + 3*w + 1187 = -1543, 0 = -4*o - 4*w + 5420. List the prime factors of o.
3, 151
Let v(h) = 3 - 11 - 2*h - 6. Suppose 2*x + 30 = 6. List the prime factors of v(x).
2, 5
Let r(f) = -17*f**2 - 22*f - 1. Let b(o) = -52*o**2 - 66*o - 3. Let g(h) = -4*b(h) + 11*r(h). What are the prime factors of g(-4)?
3, 83
Suppose 2*h + 1 = -4*a + 3, -4*a = -4*h + 28. Suppose -5*q - 79 = -s, h*q + 391 = s + 3*s. What are the prime factors of s?
2, 13
Let f = -2 + -6. Let r = f + 10. Suppose 0 = 2*k - r - 4. What are the prime factors of k?
3
Suppose 857*l - 862*l = -3115. What are the prime factors of l?
7, 89
Let l(a) = -3*a**3 + 10*a**2 + 8*a + 27. Let p(k) = 2*k**3 - 7*k**2 - 5*k - 18. Let w(j) = 5*l(j) + 7*p(j). What are the prime factors of w(-4)?
3, 23
Let m(u) = -u**2 + 7*u - 5. Let g be m(5). Suppose 0 = 3*f + 2*t - 58, 0*t = -g*t + 10. What are the prime factors of 9/3 + f + -1?
2, 5
Suppose 226 = h - m, 0 = 2*h - 5*m - 471 + 25. What are the prime factors of h?
2, 3, 19
Suppose 113*t - 56423 = 96*t. What are the prime factors of t?
3319
Let l(q) = q**3 + 11*q**2 - 22*q + 27. What are the prime factors of l(-12)?
3, 7
List the prime factors of 18/5*(-125)/(-10).
3, 5
Let f(x) = 9*x + 36. Let s(i) = -i**2 - 18*i + 8. Let j be s(-18). List the prime factors of f(j).
2, 3
Suppose 0*v - 8*v + 23320 = 0. What are the prime factors of v?
5, 11, 53
Let d(g) = g**2 + 33*g + 205. List the prime factors of d(-32).
173
Suppose -f + 2*g = -31, -4*f + 2*f + 71 = 5*g. Let d(c) = f - c - c + 6. What are the prime factors of d(0)?
3, 13
What are the prime factors of (6606/21)/(-3 - 405/(-126))?
2, 367
Suppose 0 = -2*v + 2, -3*j - 235 = 4*v - 1685. List the prime factors of j.
2, 241
Suppose 12*p - 5*g = 16*p - 15160, 0 = 2*p + g - 7574. What are the prime factors of p?
5, 757
Suppose -3*l + 460 + 1928 = 0. List the prime factors of l.
2, 199
Suppose 0 = -24*u + 27*u - 48. Suppose -13*i = -u*i - 411. Let l = -81 - i. List the prime factors of l.
2, 7
Let o(w) = -26*w - 2. Let n(q) = -q + 11. Let x be n(12). List the prime factors of o(x).
2, 3
Suppose -400 + 126 = -2*q. Let x = q + -102. List the prime factors of x.
5, 7
Let c = 1965 - 1368. List the prime factors of c.
3, 199
Let d(h) = -h**2 - 20*h - 10. Let c be d(-19). List the prime factors of 2/7 - ((-37395)/35)/c.
7, 17
Let i = -14 + 15. Let b be (2 + (2 - i))/1. Suppose 3*m + r + b*r - 76 = 0, -4*r - 92 = -4*m. List the prime factors of m.
2, 3
Let y = 127 + -91. Suppose 0 = 37*b - y*b - 61. What are the prime factors of b?
61
Suppose -9*u + 11*u + 3*i = 122, -u + 61 = 5*i. What are the prime factors of u?
61
Let i(c) = 19*c**2 - 17*c - 28. List the prime factors of i(-9).
2, 13
Suppose b - 9 = -4*s, -4*b - 2 = -6. Suppose -8 = -4*i - 3*u, -u = -s*i - i + 19. Let g(a) = 4*a + 1. List the prime factors of g(i).
3, 7
Suppose -m = -5*h + 4*h - 8, -27 = -3*m + 4*h. Suppose 0 = m*r - 0*r. Suppose -x = -r*x - 30. List the prime factors of x.
2, 3, 5
Let q be (-26)/8 - 1/(-4). Let h = 1 - q. What are the prime factors of (-1 - -1) + h + 19?
23
Suppose -17*b + 4886 + 3257 = 0. What are the prime factors of b?
479
Let g = -18 - -20. Let m(n) = 9*n - 1 - 1 + n**g + 49*n**3 + 4*n**2 - 50*n**3. List the prime factors of m(5).
43
Let x be 8 - (7 + -3) - -14. Let a be x - 2/(-2)*-2. Let n = 67 - a. List the prime factors of n.
3, 17
Suppose 0 = g + 5*b - 58, 2*b - b = g - 34. Let o = 71 - g. List the prime factors of o.
3, 11
Let f(k) = -k**3 - 7*k**2 - 2*k + 8. Let a be f(-7). List the prime factors of 183 + -1 + -18 + a.
2, 3, 31
Let n(w) = -9*w - 117. List the prime factors of n(-26).
3, 13
Let v = -7 - -7. List the prime factors of -19*(v - 2 - 1).
3, 19
Let w(t) = 21*t - 15. List the prime factors of w(17).
2, 3, 19
Let g(y) = y + 20. Suppose 208 = 5*i - 0*x - x, 3*x - 196 = -5*i. Suppose -5*h - i = 3*f - h, -3*h = f + 22. List the prime factors of g(f).
13
Let d be 6/(-27) - (-2814)/27. Suppose -94 = -5*b + b - 3*v, 5*b - d = 3*v. What are the prime factors of b?
2, 11
Suppose -2*z = 148 - 460. What are the prime factors of z/10*(16 + 3 + 1)?
2, 3, 13
Suppose 12072 = -31*t + 43*t. List the prime factors of t.
2, 503
Suppose 3*z - z = -5*x - 81, 3*x = -z - 43. Let f = z - -47. What are the prime factors of f?
19
Suppose 5 = -3*g + 4*g. Let f = 16 - g. Let n = f - 5. List the prime factors of n.
2, 3
List the prime factors of ((-54880)/(-400))/((-2)/(-40)).
2, 7
Let y = -628 + 1004. What are the prime factors of y?
2, 47
Suppose -4*a = -28*a + 6960. List the prime factors of a.
2, 5, 29
Suppose 3*m + m = 2*a - 28, -3*a - 4*m = 8. Suppose -a*w + 655 = w. What are the prime factors of w?
131
Let k = -34 - -24. Let a = 1 - k. What are the prime factors of a?
11
Let i(g) = -g**2 - 7*g - 4. List the prime factors of i(-6).
2
Let z(s) = 4*s. Let b be z(1). Suppose 1